 (-1 - (2 + 2 - 7))?
-4
Calculate -5 - (1 - (0 + 4)).
-2
Calculate (7 - (15 - 17)) + -18.
-9
What is the value of -13 + (-3 - (-13 + 1 - -2))?
-6
What is the value of 4 + (4 - (3 - -1))?
4
What is the value of -2 + -1 - ((1 - -2) + -2)?
-4
1 + -7 - (-6 + 14 - 9)
-5
What is the value of (5 - 5) + 3 + 2?
5
Calculate 0 - (-2 - (-4 + 8)) - 5.
1
-3 - (-10 + 12 + (-2 - -3))
-6
-7 + (-2 - (-7 - 5))
3
Calculate 29 - 24 - (-3 - -13).
-5
Calculate (-1 + -1 - (-6 - -2)) + 2.
4
Calculate (1 - 9) + 0 + 2.
-6
Calculate -11 + (-10 - -24) - (5 - 0).
-2
What is (2 - 0) + 0 + (4 - 1)?
5
What is 0 + 16 + -12 - 11?
-7
What is the value of (4 - 2) + -52 + 49?
-1
What is 4 + -1 - (20 - 21)?
4
What is (1 - -2) + (17 - (14 + 1))?
5
Evaluate 8 - (9 + -4 + (-3 - 1)).
7
What is the value of (-7 + 8 - 11) + 5?
-5
What is the value of (-14 - -21) + -2 + 0?
5
What is the value of (7 + -3 - (17 + -5)) + 5?
-3
What is 2 - 4 - (-24 + 19)?
3
What is -4 - -3 - (3 + -10 + 2)?
4
(9 - 9 - (-1 - -1)) + 1
1
Evaluate 4 + -7 - (0 - (2 - 2)).
-3
Calculate -6 - (-4 + 0) - 0.
-2
Evaluate (-2 - -7) + (-7 - 0).
-2
What is the value of 6 - ((1 - (5 - 0)) + 5)?
5
Calculate (-10 - -7) + -4 + (1 - -14).
8
Calculate (3 - 1) + 12 + -11 - 8.
-5
-8 - (6 - (-3 + 16))
-1
What is the value of 2 + (-3 - -2) - (-6 - -2)?
5
6 - (2 - (-4 - -5 - 3))
2
Calculate 1 - (-1 - (-7 + 5)) - -8.
8
What is the value of (-33 - -27) + -1 + 3 + -1?
-5
Calculate -1 - (1 + (6 - 8)).
0
6 + -6 - (3 + -6)
3
8 + (-15 - (-6 + 2))
-3
Calculate -2 + 1 + 4 + -5.
-2
-3 + (3 + -1 - (-7 + 8))
-2
Calculate 12 + -7 + 4 + 2 + -7.
4
4 - (-3 - (-2 + -2))
3
0 - 3 - (-3 + 4) - -7
3
What is -5 + (-5 - -15) + -1 + 2?
6
What is the value of -12 + 13 - (9 + -4)?
-4
What is the value of -9 + 12 + 3 + -8?
-2
What is the value of 2 + (3 + -2 - 8)?
-5
Calculate 3 + -2 - (-20 - -26).
-5
What is the value of 2 - (-5 - -3) - (-1 - 3)?
8
Calculate -12 - (-17 + 11 - -2).
-8
3 + (-6 - -8) - 8
-3
Evaluate 2 - ((0 - -3) + (-10 - -3)).
6
Evaluate -4 - 0 - (-40 - -32).
4
What is the value of 4 + (-2 + 6 - 4) + -9?
-5
Calculate 5 - (6 - 4) - 0.
3
Evaluate -2 - (-3 - (-6 + 1)).
-4
Calculate 1 + -5 - (0 - (6 - 4)).
-2
Calculate -2 + 4 + 1 + -4.
-1
What is 11 - (8 - -9 - 7)?
1
Evaluate (-2 - ((0 - 1) + 2)) + -2.
-5
2 - ((3 - 2) + 1)
0
Evaluate -46 + 44 + (3 - (1 - 0)).
0
What is the value of (2 + 2 - 2 - 3) + -2?
-3
What is the value of 2 + -2 + -1 - (4 - 8)?
3
Evaluate -1 + 3 + -7 + 8 + -7.
-4
What is the value of -2 + 4 + (-11 - -9) + 6?
6
Evaluate -4 + 0 - (1 - 4).
-1
Evaluate -9 - (3 + (2 - 10)).
-4
What is the value of (-1 - -2) + -12 + 17?
6
Evaluate (11 + -15 - (0 + 0)) + -1.
-5
Calculate 3 + 2 + -3 + -7.
-5
What is the value of 11 + (-11 - (-3 + -3))?
6
What is 14 - ((10 - 2) + -2) - -1?
9
What is 33 + -39 + (-1 - -8)?
1
Calculate 2 - 1 - -12 - 6.
7
Calculate -6 + 2 + 2 - 0.
-2
What is the value of (0 - (0 - 11)) + (12 - 17)?
6
What is (66 - 54) + -6 + 1 + -1?
6
What is -3 - (-8 + 4 + 7)?
-6
Calculate (-6 - -20) + -6 - (12 - 2).
-2
What is 2 + (-10 - -8 - 0)?
0
What is -7 - (-11 + 19) - -10?
-5
Calculate 6 + -3 + -6 + -2 + 0.
-5
What is -4 - (-6 + 6 + (-1 - -3))?
-6
Evaluate (3 + -2 - (-5 + 5)) + 5.
6
-29 + 28 + (-2 - 1)
-4
2 + -5 - (-18 + 20)
-5
What is the value of 3 - 0 - (-1 - (-1 - 1))?
2
What is 3 - (2 + -6 + 0 - -3)?
4
What is the value of 2 + 0 + (2 - -3)?
7
What is the value of 1 - (2 + -8) - 13 - -1?
-5
1 + 0 + 1 - (6 - 2)
-2
What is the value of (-4 - 0) + (2 - 12) + 10?
-4
Calculate -5 - (0 + 2) - (13 + -16).
-4
Calculate (3 - (-6 + 0)) + -8.
1
What is -4 + (8 + -3 - -4)?
5
Calculate (-1 + -2 - (-8 - -6)) + -1.
-2
(0 + 0 - -3) + -3
0
What is the value of 1 - (8 + (-5 - (8 - 4)))?
2
Calculate 10 + (-6 - -1) + 0 - -2.
7
What is the value of (5 - (-1 + 12)) + 13 + 2?
9
-12 + (-6 - -10) + 10
2
Evaluate (-1 - (-4 - -2)) + -2 + -3.
-4
0 - -3 - 6 - (0 + -2)
-1
What is the value of 3 + -4 + -1 + 6?
4
Calculate -12 - (11 - 20 - -1).
-4
Evaluate 1 + (-5 - (-2 - -3) - -14).
9
What is the value of -4 + (-2 - -1) + 2?
-3
Calculate 1 + (4 - 5) - 2.
-2
4 - (0 + -3 - -8) - -4
3
What is the value of -54 - -43 - (-11 - 2)?
2
Calculate (-13 - (1 + -7)) + 7 + -7.
-7
0 + 1 - -2 - (175 + -166)
-6
What is the value of (-20 - -19) + (-2 - (-9 + 0))?
6
What is 6 + (-14 - -6 - -6) - 0?
4
Evaluate (8 - (-2 - (-9 + 4))) + -3.
2
What is the value of -11 + 9 + -2 + 0?
-4
What is the value of 6 - (3 - (0 + -3 + 5))?
5
Calculate (9 - 9) + -4 - 1.
-5
Evaluate (-1 - 1) + (-7 - (0 + -6)).
-3
What is the value of -3 - 0 - (24 + -20)?
-7
Calculate 4 - ((0 - (-4 + 3)) + -2).
5
6 + (-9 - -3) + 6
6
Calculate 13 - 25 - -2 - (-3 + 0).
-7
What is the value of (-12 - -13 - 9) + 2?
-6
Evaluate (2 - -9) + (-16 - -10) + 3.
8
What is (11 - (14 - -1)) + (10 - 2)?
4
-2 + 4 + -3 + -7 + 7
-1
Evaluate -6 + (2 - -6) + (-2 - 2).
-2
(1 - -1) + -2 + (1 - 1)
0
0 + -4 + -1 + -1
-6
(-5 + 4 - -7) + -19 - -3
-10
Evaluate -8 - (0 - ((12 - 5) + -3)).
-4
What is the value of 16 + -5 - (2 - -5)?
4
What is (-1 - 12) + (10 - 1)?
-4
Calculate 15 + (6 - 3) + -10.
8
-5 - (-5 + 6 + -6)
0
What is 1 + (2 - ((1 - -7) + -1))?
-4
Evaluate 2 + 3 + -4 - -1.
2
(3 - -1) + (18 - 16)
6
What is 5 + -1 + (-1 - 8 - -1)?
-4
What is the value of (-4 - 0) + (29 - 20)?
5
What is -1 + -2 - -1 - (-104 + 99)?
3
3 + 2 - ((16 - 3) + -1)
-7
What is the value of -3 + (14 - 3) + (1 - 4)?
5
What is (16 - 16) + 8 + (-1 - 8)?
-1
What is -3 + 8 - (1 - -4)?
0
What is the value of -3 + (-5 - -7 - (-2 - -4))?
-3
What is -9 - (-14 + (-3 - -7))?
1
Evaluate 1 + -3 + -1 + -1 - -3.
-1
What is the value of 102 + -119 + 8 + 2?
-7
What is -4 - -1 - (-7 + -5 + 13)?
-4
Calculate (-1 + -5 - -2) + (-4 - -6).
-2
Evaluate -4 + 23 + -20 + 3 + -1.
1
(1 - (-1 + 4)) + (0 - -1)
-1
What is -12 + 2 - -3 - -8?
1
Evaluate 1 - (-12 - (3 + -11)).
5
Calculate -8 + 3 + (6 - -2) - -1.
4
Calculate 2 + 0 - -5 - 3 - 7.
-3
Calculate 0 + 2 - (2 + 0 + -1).
1
What is the value of 2 - (-2 - (-8 - -3) - -1)?
-2
Calculate (-9 - -7) + -3 + 3 - -5.
3
Evaluate 2 + (-5 + 2 - (0 + 1)).
-2
19 - 12 - (9 - 2)
0
What is the value of (7 + (-1 - 6) - 4) + -1?
-5
Evaluate (17 - (25 + -2)) + (5 - 1).
-2
What is the value of -3 - (5 + (5 - (-5 - -19)))?
1
What is 5 + -8 + -1 + (4 - -1)?
1
What is -2 + -13 + 15 + (2 - 0)?
2
What is the value of 1 + 6 + -12 + 1?
-4
What is the value of 2 + (1 + -4 - (3 + -6))?
2
(-1 - -5) + (2 - 1)
5
What is the value of (-7 - -11 - 3) + 4 + 0?
5
What is 2 + (-2 - -6) - 2?
4
-1 - (-7 - (1 - -2 - 4))
5
(-8 - (-2 - 1)) + (-2 - -2)
-5
Evaluate 6 + (0 + -3 - -4) + -4.
3
Calculate -8 - -4 - (-2 + (-2 - -5)).
-5
Evaluate 0 + -3 - (3 + 3 + -6).
-3
Calculate -23 + 26 + (-3 - -1).
1
Calculate -10 + 5 + (11 - 2) + -2.
2
Evaluate 1 + 8 + 0 + -4.
5
(-2 - -2) + 1 + -4 + 4
1
What is the value of -2 + -2 + 9 + -6?
-1
Calculate 3 + 2 + (-2 - -2).
5
What is the value of -2 - ((-1 - -3) + -5)?
1
What is 0 + -1 + (-1 - (11 + -6))?
-7
What is 2 - (-3 - -7 - -1)?
-3
What is the value of 14 + -8 + -7 + 7?
6
6 - 9 - (-1 + -1)
-1
Calculate -4 - (0 - 2) - 3 - 0.
-5
Calculate -2 + -1 + (-3 + 4 - -1).
-1
Evaluate 12 - (5 + (4 - 3)).
6
Evaluate -1 + 12 + 16 + -22.
5
What is 0 + -10 + (3 - (2 - 3))?
-6
-2 - (-3 - 1) - (10 + -11)
3
Calculate 2 + -1 + -3 + 0.
-2
-10 + 3 + (4 - 0)
-3
2 + (1 + -2 - -5 - -2)
8
(16 - (13 - 5)) + 0
8
What is 7 - (4 + 6) - -1?
-2
Evaluate 4 - 5 - (1 + -10 - -2).
6
What is (0 - -2) + 7 + -5?
4
What is the value of (1 - 3) + -1 + (-1 - -4)?
0
What is -2 - (-2 - 2 - (-1 - -1))?
2
Evaluate 11 - (-3 + 15 + -4).
3
Calculate -1 + -4 - (2 - (-3 - -7)).
-3
What is the value of (3 - -8) + -8 + -9?
-6
2 + 1 + (-3 - 1) + 5
4
Evaluate 0 - (-4 + 5 + 5 + -4).
-2
What is the value of 1 + -1 + -3 - -1 - 1?
-3
Evaluate 6 - 4 - (-4 + 12).
-6
What is -5 + 4 - (-4 + 4)?
-1
(2 - 1) + (34 - 27)
8
Evaluate (-3 - -5) + 6 + -2 + -1.
5
What is the value of 3 + (3 - 6 - -2 - -3)?
5
What is the value of (7 - (3 - -1) - -1) + -5?
-1
What is the value of -3 + 7 + 10 + -14?
0
What is 42 + -30 - (1 - -5)?
6
-7 + (1 - 7 - -8)
-5
What is (7 - (2 + -3)) + (-5 - -1)?
4
What is 2 + 2 + (5 - 8) - 2?
-1
Calculate (-17 + 14 - (-1 + -10)) + -13.
-5
Evaluate 4 + -7 + 0 + 6.
3
-7 + (0 - 2 - -4)
-5
Calculate 6 - 1 - (-8 + 11).
2
-5 + (-1 - 2) + 6 + -5
-7
0 + 2 - 5 - 0
-3
(2 - -1 - -4) + 8 + -12
3
What is